4/3*s**3 + 0. What is i(-6)?
4
Let l(k) = -6*k + 5. Let g(t) = -t + 1. Let s(n) = 5*g(n) - l(n). Let c be ((-1)/3)/((-2)/(-30)). Calculate s(c).
-5
Let z(s) = s**3 + 4*s**2 - 2*s - 6. Let k be z(-4). Suppose 13 = 6*u + 7. Let y(v) = -1 + 4 + u - 7*v - 1. What is y(k)?
-11
Let w = -101 + 101. Let v(y) = 5*y**3 - 2*y**2 + 2*y - 1. Let f be v(1). Suppose w = a - f*a - 6. Let x(m) = -4*m - 3. Determine x(a).
5
Let i(o) be the third derivative of -o**6/120 + o**5/10 - o**4/8 + o**3 - 14*o**2 + 2. Calculate i(6).
-12
Let i be (-95)/(-35) - (-6)/21. Suppose t = -5*w + 4, -12 = -i*t - w + 2*w. Let h(a) = a**2 - 5*a + 2. Give h(t).
-2
Let u(c) = c**2 - 9*c + 7. Suppose 3*r - j + 4 = 15, 4*j = -4*r + 4. Suppose -4*i + 115 = -3*b, 3*i + b + 4*b = 50. Suppose 2*x = -r*x + i. Determine u(x).
-13
Let z(r) = -38 - r**3 + 95*r + 35 - 90*r - 3*r**2. What is z(-4)?
-7
Let i(f) = -f**3 + 5*f**2 + 3*f - 3. Let h(c) = c**3 - 6*c**2 - 3*c + 4. Let p(z) = 6*h(z) + 7*i(z). What is p(3)?
-24
Let z(o) = 3 + o - 4 + 5 - o**2 + 0. Calculate z(-3).
-8
Let p(f) = 1 - f**3 + f + f**2 - 1. Let x = -64 - -50. Let o be 16/(-56) + 24/x. What is p(o)?
10
Let y(z) = 3*z**2 - z**2 - 1 - 2*z**3 - 2*z + z**3 + 6*z. Let u be y(3). Let r(a) = u*a + 58 - 48 - 3*a. Calculate r(5).
5
Suppose -2*v + f = -15, 37 = 5*v + 3*f + 5. Let t(r) = -r**3 + 6*r**2 + 7*r + 8. Determine t(v).
8
Let a = -286 - -290. Let u(n) = n**3 - 5*n**2 + 5*n + 4. Calculate u(a).
8
Suppose -h + 2*b = -2*b + 2, -5*b + 13 = 4*h. Let c(n) = -3*n**2 + 4*n - 3. What is c(h)?
-7
Let x = -13 - -10. Let i(t) = 2*t**2 - t + 3. Let r(f) = 6*f**2 - 2*f + 7. Let b(p) = x*r(p) + 8*i(p). Suppose 7 = -3*q - 2. Give b(q).
-9
Let m(g) = 3*g - 4*g - 3*g + 3*g - 1. Determine m(3).
-4
Let x(y) = -y**3 + 11*y**2 - 19*y + 3. Let t be x(9). Let i(d) = -d**3 - 8*d**2 - 8*d - 9. Calculate i(t).
-33
Let w(b) = -b - 14. Let u(s) = -3*s**3 - 26*s**2 + 7*s - 21. Let p be u(-9). Calculate w(p).
-11
Suppose -226 - 2 = 38*j. Let m(g) = 3*g + 12. Determine m(j).
-6
Let m(y) = -7*y + 7. Let x(c) = c. Let t(f) = -m(f) - 4*x(f). Let s be (-1)/((-2)/(1*10)). What is t(s)?
8
Let q(g) be the first derivative of g**2/2 + 12*g - 642. Determine q(-8).
4
Let s be 430/(-6) - (4 - (-28)/(-6)). Let x = s + 68. Let q(v) = -3*v - 5 + 1 + 0*v. Give q(x).
5
Let u = 367 + -364. Let y(o) = o**2 - 6*o + 8. Calculate y(u).
-1
Let y(u) = -10*u + 12*u - 23 - 3*u + 3*u. Calculate y(12).
1
Let r(o) = 0 - o + 0*o + 2. Let c(w) be the first derivative of -w**2/2 - 5*w - 5. Let z be c(-5). What is r(z)?
2
Let x(t) = -5*t - 3. Let y be x(5). Let d be (-8)/y - (-10)/14. Let p(q) = 6*q - 2*q - 2*q + d + 2*q. Give p(-1).
-3
Let t(s) = s**3 - 11*s**2 - 10*s - 9. Let p be 5 - 35/10*-2. Determine t(p).
15
Let m(l) be the first derivative of l**4 - 6*l**3 - 3*l**2/2 - 12*l - 18. Let g(k) = k**3 - 6*k**2 - k - 4. Let x(d) = -7*g(d) + 2*m(d). Calculate x(-6).
-2
Let p be (-6)/108*3 + (-31)/(-6). Let b(l) = 5*l**2 - 27 - p*l + 46 - l**3 - 20. What is b(4)?
-5
Let c be ((-1)/(-3))/((-1)/(-15)). Suppose c = 4*t - 11. Let h(m) be the second derivative of -m**3/2 + 3*m**2 - 2022*m. Give h(t).
-6
Let b(l) = 0*l + 1 + 2 - 2*l**2 + 0*l**2 - 2*l. Suppose 5*k + 21 + 1 = -4*f, 3*k - 2*f = 0. Let r be 1/k + 5/(-2). Give b(r).
-9
Let z(i) = i**2 - i + 5. Let q be z(0). Let l(g) = -g**2 - q*g - g + 4*g. Let b be (-24)/14 + (64/(-56))/4. Determine l(b).
0
Let f(d) be the third derivative of 0*d + 0 - d**3 - 28*d**2 + 1/24*d**4. Let b(s) = -5*s**3 + 2*s**2 + 2*s + 1. Let a be b(-1). Give f(a).
0
Let n(x) = 18*x + 2 - 10*x - 1 - 9*x - 6. Determine n(-13).
8
Let c(s) = -s**3 + 7*s**2 - 2*s - 5. Suppose -20*m = 98 - 158. Calculate c(m).
25
Let b(d) = -d**3 + 7*d**2 + 7*d + 4. Let f(g) = g**3 - 6*g**2 + 3*g - 10. Let p(w) = w**3 + 8*w**2 - 4*w - 26. Let q be p(-8). Let n be f(q). What is b(n)?
-4
Let k = 2 - -2. Suppose -3 - 7 = -5*s. Let d(n) = 196*n**s + 4*n - 197*n**2 - 3*n. Give d(k).
-12
Let m(y) = 0 - 607*y + 610*y - 4. Calculate m(-4).
-16
Let r(d) = -d - 16. Suppose 301 - 1 = -50*t. What is r(t)?
-10
Suppose 2*v - 10*v - 136 = 0. Let j = v - -20. Let k(q) = q**3 - 2*q**2 - 3*q - 1. What is k(j)?
-1
Let l(a) be the first derivative of a**3/3 + 3*a**2/2 - 4*a - 19. Calculate l(3).
14
Let d(o) be the second derivative of 1/2*o**3 - 2*o**2 + 0 + 1/6*o**4 - 12*o. Calculate d(-3).
5
Let r = -23 - -53. Suppose 0 = 5*p - 5*x - r, 6*x = x + 25. Suppose 5 = -4*m - p. Let t(o) = o + 3. Determine t(m).
-1
Suppose -22*f - 45 = -13*f. Let y(b) = -b + 3. What is y(f)?
8
Let l(u) = 0*u**2 + 2*u**2 - 3*u**2 + 2*u - 1. Let t(z) = z**3 + 18*z**2 - 28*z + 241. Let r be t(-20). Determine l(r).
0
Let i be (-3 + 10/4)*-4. Let t = 0 + i. Let o(a) = -6*a**2 + 5 + 2 - 6 + 5*a**t. Calculate o(0).
1
Let x be 0*((-12)/(-6))/10. Let c(t) = -t**2 - 12. Determine c(x).
-12
Let s = 45 - 45. Suppose s = -8*t + 12*t. Let l(x) = x**2 + x + 2. Calculate l(t).
2
Let g be 2 + -4 - -1 - -3. Let d(p) = p**3 - 4*p**2 + 4*p + 1. Let b(j) = -2*j**3 + 8*j**2 - 9*j - 2. Let x(u) = -2*b(u) - 5*d(u). Give x(g).
3
Let o(u) = u**3 - 14*u**2 + 12*u + 9. Let m be (-2)/(-6) + 152/12. Let l be o(m). Let j(d) = d**2 + d. Give j(l).
12
Let v = 32 - 22. Let y(r) = r + 3. Let d(a) be the first derivative of a**2 + 7*a + 1. Let p(w) = v*y(w) - 4*d(w). What is p(-2)?
-2
Let y(d) = -36*d + 58. Let h(u) = u - 15. Let g(n) = -4*h(n) - y(n). Determine g(1).
34
Let m = 20 + -18. Let y(g) = 0*g**m - 12*g**2 + 2*g + 11*g**2. Determine y(4).
-8
Let q(w) = 6*w - 1. Suppose -5*f + 4*l = -83, 5*f - 3*l + 0*l - 81 = 0. Let p be 1/4 + f/(-24)*2. Determine q(p).
-7
Suppose z = 5*z + 20, 0 = -x + 3*z + 25. Suppose -x = -5*l + 10. Let d(h) = -6 - l + 5*h + h**2 + 4. What is d(-5)?
-6
Let b(q) be the second derivative of -q**4/12 - q**3/2 + 5*q**2/2 + q. Let n(o) = -o - 3. Let m be n(-10). Let t(l) = -2*l + 10. Let v be t(m). What is b(v)?
1
Let v(n) = -2*n**3 - 5*n**2 - 6*n - 3. Let a(s) = s**3 - 11*s**2 + 28*s - 2. Let l be a(7). Give v(l).
5
Let f(k) be the first derivative of k**5/40 - k**4/8 - 4*k**3/3 - 9. Let w(b) be the third derivative of f(b). Determine w(3).
6
Let o(m) = m - 3. Let t be o(3). Let c be 6/24 - (-7)/4. Let u(l) = -2*l**c - 10*l + l**2 - l**3 - 4 + 9*l. What is u(t)?
-4
Let d(h) = -h**3 - h + 2. Let y(o) = o**3 + 2*o**2 - 4*o + 3. Let s(c) = -2*c**3 - 7*c**2 + 13*c - 10. Let g(p) = -2*s(p) - 7*y(p). Let a be g(1). Give d(a).
12
Let l(r) = 28*r - 4*r**2 - 2*r**3 + 3*r**3 + 4 - 57*r + 32*r. Let c = 1 - 1. Suppose c = -m + 3. Determine l(m).
4
Let o(i) = i**3 + i**2. Let p(c) = -4*c**2 + c. Let b(y) = -4*o(y) - p(y). Let q = -8 + 3. Let x be 2*2/(1 + q). What is b(x)?
5
Let s(c) = 5*c - 3. Let h(i) = 11*i - 6. Let f = -12 + 6. Let w(t) = f*h(t) + 13*s(t). What is w(-6)?
3
Let q(j) = j**3 + 3*j**2 + 2*j. Let o be q(-2). Suppose o = -5*g - 5. Let c(y) = -6*y**2 + y**2 - y**2 - 1 - y. What is c(g)?
-6
Let v(y) = 10*y + 1 + 0 - 2. Let a = -46 - -45. What is v(a)?
-11
Suppose -4*b - 1 = -f, 2*b + 18 = -0*b + 4*f. Let k be b - (-1 + -1 - 1). Suppose 0 = -2*z - k + 10. Let v(u) = u**2 - 1. Give v(z).
8
Let c be (-168)/72*(0 + -3). Let l(s) = -15*s**2 + 27*s + 11. Let h(q) = 7*q**2 - 13*q - 5. Let z(y) = -13*h(y) - 6*l(y). Determine z(c).
-1
Let k(j) = -1 + 5*j - 2*j + 3 + 2. Let r(x) = -7*x - 8. Let n(y) = 5*k(y) + 2*r(y). Suppose 0 = -78*s + 81*s + 9. What is n(s)?
1
Let k(r) = r**2 - 1. Let c(d) = -3*d**3 - 3*d**2 + 3. Let i(l) = c(l) + 4*k(l). Let w(q) = -2*q**3 + 10*q**2 + 7*q + 31. Let p be w(6). Calculate i(p).
-3
Let l(h) = 3*h**2 - 1002185*h**3 + h + 2*h + 1002186*h**3. Let n(t) = -t**2 - 3*t - 3. Let b be n(-3). Determine l(b).
-9
Let k be (-3 + 8)/((-10)/(-4)). Let z(l) = l**3 + 9*l**k + 8 + 2*l**2 - 5*l**2. Determine z(-6).
8
Let f = -2 - 1. Let u(v) be the third derivative of v**4/6 - v**3/3 + v**2. Determine u(f).
-14
Let c(y) be the second derivative of 3*y**2 - 1/6*y**3 - 1/30*y**6 + 0*y**5 - 1/24*y**4 - 4*y + 0. Let t(i) be the first derivative of c(i). Calculate t(-1).
4
Suppose 0 = -3*l + 17 - 2. Let b(u) = 2*u**3 - 7*u**2 - 3*u - 1. Let n be b(4). Let p(z) = 0*z**2 - n*z**2 + 6 + 4*z**2 - 5*z. Give p(l).
6
Let d be (62/930)/(4/10). Let j(a) be the second derivative of 0*a**4 - 1/20*a**5 + d*a**3 - 10*a + 9/2*a**2 + 0. Determine j(0).
